ivide x?
False
Suppose 42*y + 4108 = 5*j + 39*y, 812 = j - 3*y. Is j a multiple of 22?
False
Suppose 2*g - 4*g + 384 = 0. Suppose 3*q + g = 5*q. Let p = 136 - q. Does 8 divide p?
True
Suppose -z + 1161 - 89 = -2*i, z - 1088 = -2*i. Is 15 a factor of z?
True
Suppose 4*a = 5*f - 1535, -762 = -2*f - 2*a - 130. Is f a multiple of 19?
False
Is -36*(-6 - -9 - (-2 - -8)) a multiple of 12?
True
Let w(l) = -l**3 - 5*l**2 - 4*l - 5. Let n be w(-4). Let m be (6/(-15))/(n/25). Suppose 2*q + 2*q - m*z = 332, 0 = -2*q + 5*z + 158. Does 14 divide q?
True
Let q(i) = -147*i - 811. Is q(-8) a multiple of 2?
False
Suppose f + 394 = 3*f + 2*a, 0 = -5*a - 25. Let w be 2*-1 + 2 - 0. Suppose 3*z + 2*h = f, 4*z - 3*h - 187 - 54 = w. Is z a multiple of 13?
False
Suppose -615 = -2*c + b, b = 4*c + 4*b - 1255. Is c a multiple of 53?
False
Let b(g) = -g**3 + 19*g**2 - 21*g + 54. Is 18 a factor of b(16)?
True
Let v = 0 + 31. Let l be (-4)/(-1) - -2 - 1. Suppose -l*w - v = -6*w. Is 15 a factor of w?
False
Let t be -1*((0 - -1 - 16) + 1). Suppose b = -5*p + 26, -3*b + 130 = -4*p + t. Is b a multiple of 18?
True
Let z be 1/9 + (-3210)/(-27). Suppose 2*i = -5*q + 287, -2*q - 8*i = -3*i - z. Suppose -f + q = -3*c, 4*f - 298 = -4*c - 54. Does 30 divide f?
True
Let t(l) be the first derivative of l**4/4 - 8*l**3/3 + 9*l**2/2 - 12*l - 14. Does 15 divide t(8)?
True
Let p(t) = 13*t + 5. Let b be p(-2). Is b/28 + (-417)/(-12) a multiple of 13?
False
Is 81 a factor of (5025/50)/(((-3)/(-8))/1)?
False
Is 4 a factor of (4 + -5 + -266)/(18/(-24))?
True
Let p = -140 + 174. Is p a multiple of 2?
True
Let d(b) = -6*b. Let y be d(4). Let i = 42 + y. Suppose -r = -i - 9. Does 8 divide r?
False
Let s be (-1185)/(-25)*(1 - -4). Suppose -4*y = 5 - s. Is 15 a factor of y?
False
Let f = -64 + 56. Is (-257)/f - (-5)/(-40) a multiple of 4?
True
Let g(f) = -77*f + 22. Is g(-10) a multiple of 22?
True
Suppose 4*v - 48 + 360 = 0. Let p = -18 - v. Is p a multiple of 12?
True
Suppose 0*a + 3*a = 6. Let v(l) = 0*l**2 + 0*l**2 + l**2 - 1 + 0*l**a. Is v(-3) even?
True
Let b be (4/(-6))/((-15)/(12825/10)). Let u = b - 3. Is u a multiple of 9?
True
Suppose 26*h = 77*h - 21981. Is h a multiple of 36?
False
Is 15 a factor of ((-3)/5)/((-21)/2625)?
True
Suppose -2*c - 5*q = 343, 0*c + 164 = -c - 5*q. Let g = -107 - c. Is 6 a factor of g?
True
Does 41 divide (-1148)/(-42)*33/2?
True
Does 6 divide -2*14/(-16)*(-672)/(-4)?
True
Let x(f) = 2*f + 6. Let c be x(-10). Is 22 a factor of 4/c - (-1854)/21?
True
Suppose -2*l - 48 - 186 = 5*v, 5*l = -10. Let x = -16 - v. Suppose 0*i - x = -5*i. Is 6 a factor of i?
True
Suppose 443 = f - u, -6*u + 25 = -u. Is f a multiple of 3?
False
Suppose -2*j = 18*k - 19*k - 1419, 3*j = -5*k + 2148. Is 32 a factor of j?
False
Suppose -8 = 3*z + u + 12, 10 = -2*u. Let y = -21 - z. Let g = 25 + y. Is g a multiple of 9?
True
Let j = 125 - 121. Suppose 4*s - 2*l - 832 = 0, l + 844 = j*s + 5*l. Does 12 divide s?
False
Let s(h) = -2*h**2 + 10*h - 11. Let i be s(4). Is 19 a factor of 71 + (-4)/(-2) - i?
True
Let n(t) = -t - 1. Let c be n(7). Suppose -3*m - 2*f + 50 = m, -m - 3*f = -15. Let v = m + c. Does 4 divide v?
True
Is (7 - (-19 - -6)) + 1 a multiple of 3?
True
Suppose 2*s + 5*g - 28 = 0, -5*s + g + 2*g + 8 = 0. Suppose -80 = -v - s*v. Does 8 divide v?
True
Is 32 a factor of -2*(1 + -87 + -3)?
False
Let j(q) = -289*q + 1 + 282*q + 3. Is 17 a factor of j(-4)?
False
Let c be (-222 - (-6 + 2))/(-1). Does 20 divide -3*(3 + c/(-6))?
True
Let o(q) = -q**2 + 10*q - 4. Suppose -5*t = 2*l - 30, -2*t - l - 21 = -4*t. Does 4 divide o(t)?
True
Let m = 16 + -12. Suppose -x - 4*x + m = 4*i, -5*i + 4*x + 46 = 0. Does 2 divide i?
True
Let r be (-16)/(-40)*415*-1. Let u = r + 334. Does 7 divide (u/10)/((-39)/(-130))?
True
Suppose -5*i + 9924 = -526. Is 11 a factor of i?
True
Suppose -4*f + 4405 = 1445. Does 20 divide f?
True
Is ((-124)/155)/(1/(-30)) a multiple of 8?
True
Let x(y) = -21*y + 4. Let h be 15/(-35) - 96/21. Let r be x(h). Let n = r + -63. Is 25 a factor of n?
False
Let a(j) = -j - 20. Let q be a(0). Suppose -14*t = -18*t - 32. Is t/24 + q/(-6) a multiple of 3?
True
Suppose -1 + 5 = -4*m. Does 10 divide 58 - (-3 - (-1 + m))/1?
False
Let q = -13 - -10. Let r(k) = -15*k - 8. Does 4 divide r(q)?
False
Let w = 202 + -8. Is w a multiple of 4?
False
Let v be (8/(-14))/((-8)/28). Suppose -3*f + 13 = -v. Suppose -f*c + 25 = -4*c. Is 25 a factor of c?
True
Is 21 a factor of (1 - (0 + 19))*336/(-36)?
True
Suppose -15*k + 10*k = 190. Let i = 170 + k. Does 22 divide i?
True
Let r = 67 + -76. Let y(z) = z**3 + 9*z**2 - z + 12. Is y(r) a multiple of 5?
False
Let n = 6604 + -3783. Is n a multiple of 43?
False
Let u = -75 - -72. Is 5 a factor of 1162/56 + u/4?
True
Suppose 2*k = -2*l + l - 3, 17 = -3*k - 4*l. Does 3 divide 400/18 + k*10/(-45)?
False
Suppose 17*d - 76032 = -10*d. Is 11 a factor of d?
True
Let h = 42 - 27. Is 6 a factor of (-30 + 3)/(h/(-6) + 2)?
True
Suppose 485 = -3*c - 586. Let m be (-2)/7 - c/49. Suppose y = -d + 10 + m, -68 = -4*y - 3*d. Is y a multiple of 10?
False
Is (-6)/(-8) - (788/(-16) - 4) a multiple of 11?
False
Suppose 0 = 8*k - 1370 - 1830. Is 10 a factor of k?
True
Let a(z) = -15*z + 5. Let q be a(5). Suppose -2*g + 46 + 204 = 0. Let s = q + g. Is 14 a factor of s?
False
Is 81/18*6130/15 a multiple of 10?
False
Let t(w) = -w**3 + 9*w**2 + 9*w - 22. Does 6 divide t(8)?
True
Let t be (1 + 3/(-7))*(-7)/(-2). Suppose -89 = -2*q + t*v + v, -2*q - 2*v = -84. Does 35 divide q?
False
Let x(z) = -51*z + 68. Is x(-18) a multiple of 58?
True
Suppose -5*m = -3*p - 1, 0*p - p - 3 = -3*m. Let u(x) = 30*x**2 + 5*x - 2. Is 32 a factor of u(m)?
True
Let y(t) = t - 3. Let m be y(3). Suppose -3 = -3*i - m. Is 7 a factor of i/(220/72 + -3)?
False
Suppose 0 = 4*f - 2*s - 14, 3 = 2*f - 2*s - 5. Suppose 4*l = f*h + 241, -3*h = 3*l + 18 - 225. Is l a multiple of 28?
False
Is (-2 + 4470/20)*4 a multiple of 37?
False
Suppose 16167 + 144446 = 61*i. Is 49 a factor of i?
False
Let p = 24 + -98. Let f = 80 + p. Is f a multiple of 6?
True
Suppose 5*b - 44 = 9*b. Let d = -4 + b. Let n = d + 33. Does 6 divide n?
True
Suppose 224 - 2 = 3*q. Does 10 divide q?
False
Let h = -1 - -7. Suppose -17 = 3*z + k - h*k, -5*z - 4*k = 16. Is z*(-2)/4 - -13 a multiple of 13?
False
Suppose -3*n + 7 + 7 = -2*t, 0 = 3*t - 5*n + 23. Is (90 + 5)*2 + t a multiple of 21?
True
Let u(s) = -3*s**3 - s**2 - 2*s + 2. Let k be u(1). Let r = 67 - 36. Let l = r - k. Does 12 divide l?
False
Let p(d) = 15 + 35 - d + 10 + 15. Is 19 a factor of p(-29)?
False
Suppose 3*t + 0*p - 443 = -p, 0 = -4*t - 5*p + 587. Let s = t + -79. Does 19 divide s?
False
Suppose -5*v + 655 = -1095. Does 25 divide v?
True
Let i be 48 - (10/2 + -6). Let v = 66 + i. Is 23 a factor of v?
True
Let o(p) = -12*p + 23*p - p**2 + 7 - 13*p. Let s be o(-5). Let c(u) = u**2 - 3*u + 2. Does 30 divide c(s)?
True
Let m(t) = 0 + 2 - t**3 + 3*t + 1 + 10*t**2 + 0. Let q be m(5). Let g = -43 + q. Is g a multiple of 25?
True
Let l be 1/6 + 1355/(-30). Suppose -5*r = -2*o + 15, -4*r + 12 = -8*r. Is 15 a factor of 2/(-3)*(o + l)?
True
Suppose 0*s + 12 = 5*s + 2*m, 4*m = 4*s - 32. Is 14 a factor of ((-8)/(-10))/((-2395)/600 + s)?
False
Let f(y) = 5*y + 2. Let n be (2/(-1))/((-1)/(-4)). Let t = n - -16. Does 14 divide f(t)?
True
Let i(r) = r**3 + 25*r**2 - 15*r - 69. Does 29 divide i(-23)?
True
Suppose 2*t = t + 5, 3*f - 4*t - 772 = 0. Let x be f/40 + (-4)/(-10). Does 11 divide (0 + 1)/(x/252)?
False
Let x(i) be the third derivative of i**7/1260 - i**6/240 + i**5/60 - 6*i**2. Let j(g) be the third derivative of x(g). Does 12 divide j(5)?
False
Suppose -21*i + 41*i - 7660 = 0. Is i a multiple of 54?
False
Let r(j) = 53*j**3 - 5*j**2 - 3*j. Is 22 a factor of r(3)?
False
Suppose -9*y = -4*y - 635. Suppose -4*g = -t + 130, 2*g = -t + y - 27. Suppose 5*w - q + 2*q = 100, 5*w - t = -3*q. Is 8 a factor of w?
False
Let m be 80/(-100) - ((-33)/(-15) + 0). Let q(w) be the first derivative of -w**4/4 + w**2 - w - 1. Is q(m) a multiple of 5?
True
Let r be (12*2/9)/(26/(-273)). Is 2 a factor of 1/(-4) + (-399)/r - 3?
False
Let q be (-3)/2*(-110)/33. Suppose 0*a = -q*a - 2*i + 441, -348 = -4*a - 4*i. Is 12 a factor of a?
False
Let z(j) = -j**3 - 17*j**2 - 31*j + 37. Is z(-15) even?
True
Let y(c) =